).
-5
Let x(y) = -y + 6. Let z(v) = 5. Let l be (4 + 0)*(-45)/(-60). Let k(r) = l*x(r) - 4*z(r). Determine k(2).
-8
Suppose 0*o + 2*o - w = 18, -o = w - 3. Suppose 0 = -2*t + k - o, -3*t + 4*k - 4 = -t. Let z(i) = 2*i - 4 + 2*i**2 + 0*i - i**2. Calculate z(t).
4
Let r(q) = 2*q**3 + 23*q**2 + 11. Let s(v) = v**3 + 11*v**2 + 5. Let c(a) = 3*r(a) - 7*s(a). What is c(-8)?
-2
Let j(d) be the third derivative of d**8/5040 + d**7/5040 - d**6/720 + d**5/60 + d**2. Let n(w) be the third derivative of j(w). Let u = -442 - -443. Give n(u).
4
Let i(g) = g - 1. Let t(o) = -o**2 - 8 - 1 + 2*o**2 + 6*o + 1. Let y be t(-7). Calculate i(y).
-2
Let t(l) = l - 6*l + 2 + 6*l. Calculate t(3).
5
Let y(s) = -s**3 - 2*s + 17*s**2 - 8*s**2 - 4*s**2. Suppose j = -2*r + 17, 3*j + 22 = 4*j + 3*r. Suppose j*f - 3*f = 16. Determine y(f).
8
Let g(f) = -5*f + 1. Let y = 13 - 8. Suppose -5*k - 21 = n, -y*n - 3*k - 25 = 2*k. Determine g(n).
6
Suppose -6*u + 19 = -9*u + 5*j, j = 4*u - 3. Let p(l) = -2*l**2 + 3*l - 3. Give p(u).
-5
Let j(q) = -q + 2*q - q + q + 8. Give j(9).
17
Let q(z) = -8*z + 3. Let s(f) = 7*f - 2. Let y(b) = 6*q(b) + 7*s(b). Let j(d) = d**2 - 10*d + 12. Let r be j(8). Calculate y(r).
0
Let y = 11 + -6. Let s(f) = f**3 - 6*f**2 + 6*f - 7. What is s(y)?
-2
Let m(v) = v**2 - v + 1. Suppose 0 = -5*n - 2 + 12. Determine m(n).
3
Let c(h) be the third derivative of h**4/12 - 4*h**3/3 - 24*h**2. Give c(8).
8
Let i(j) be the first derivative of -1/2*j**2 - 9 + j. Give i(4).
-3
Suppose -26 = -2*n - 4*u, n = 5*u - 8 - 7. Let p(d) be the third derivative of 4*d**2 + 0 - 1/4*d**4 + 1/60*d**5 + 2/3*d**3 + 0*d. Determine p(n).
-1
Let n = 2 - -1. Let b(m) = m**2 - 15*m - 13. Let i be b(16). Let c(y) = 1 + n*y**2 - 5 + y + i. Determine c(1).
3
Suppose 4*o = y + 3, -2*o + 20 = 3*o + 2*y. Let n(r) = 2*r**2 - 3*r + 2. Determine n(o).
4
Suppose 0 = 2*f + 3*t - 15, 1 = t - 4. Let d(o) = -3 + 1 - 4 - o. What is d(f)?
-6
Let o(a) = -a**2 - 5*a + 1. Let h be o(-7). Let q = h + 18. Let x(m) = -m - 3 - m**3 + 2*m - q*m**2 + 3*m**2. What is x(-3)?
3
Let t(o) be the second derivative of o**3/6 - o**2/2 - 2*o. Let s be -3*(-2 + (-9)/(-3)). Calculate t(s).
-4
Let i(g) = -g**3 - 5*g**2 + 6*g + 5. Let j be 6*4/(-4)*1. Calculate i(j).
5
Let y(a) = 3*a**2 + 2*a + 3. Let m(d) = -d - 2. Let s be m(0). Calculate y(s).
11
Let o(d) = d**2 + 6*d + 5. Let s be o(-5). Let b = s + 3. Let k(q) = 2*q**2 - q. Give k(b).
15
Let s(g) = g + 4. Let m be s(6). Let a(f) = -3 + m + 0*f - 6 - 6*f. Determine a(-1).
7
Let d(t) = 7*t - 33. Let s(a) be the first derivative of -2*a**2 + 17*a - 6. Let i(b) = -3*d(b) - 5*s(b). Give i(8).
6
Let t be 0 + -2*-1*1. Let d(i) be the first derivative of -3/2*i**2 + 2*i + 1/3*i**3 + 6. Give d(t).
0
Let h(a) be the third derivative of 0 - 1/60*a**5 + 0*a + 3*a**2 - a**3 + 5/24*a**4. What is h(5)?
-6
Let j(l) = l + 5. Let h be j(-4). Let d(p) = p**3 + p**3 + 2*p**2 + p**3 + 4*p**3 - h. Calculate d(-1).
-6
Let j be (2 - 0)*(-3)/(-2). Suppose 0 = -2*y + 4*u + 23 - j, -5*u - 16 = -y. Let b(h) = h**3 - 7*h**2 + 6*h + 5. Determine b(y).
5
Let l(d) = -4*d. Let u = 4 + -1. Determine l(u).
-12
Let q(w) = -w**3 + 2*w**2 + 3*w - 2. Suppose -4*x - 35 = -9*x. Let l = x - 5. What is q(l)?
4
Let d(w) = -w**3 + 6*w**2 - 4*w - 6. Let h be d(5). Let a(l) = -7*l - 1. Determine a(h).
6
Let i be 4/(-14) + (-57)/21. Let j(z) = z**3 + 4*z**2 - 3*z - 4. Let c(d) = d**2 - d + 1. Suppose 3 = 2*w + 1. Let f(o) = i*c(o) + w*j(o). What is f(0)?
-7
Let g be 3 - (1/1)/(2/(-4)). Let q(a) be the third derivative of a**5/120 - a**4/8 + a**3/6 + a**2. Let y(z) be the first derivative of q(z). Calculate y(g).
2
Let t(p) = -p**3 + 3*p**2 + 3*p. Let c(w) = -w**3 + 4*w**2 + 4*w. Let x(h) = 3*c(h) - 2*t(h). Determine x(7).
-7
Let o(f) = -f**2 - 6*f - 4. Let p be o(-6). Let k = 8 + p. Let v(r) = r + 2. Calculate v(k).
6
Let x(l) be the second derivative of l**4/12 + 5*l**3/6 + 2*l**2 - 19*l. Calculate x(-5).
4
Let f(n) = n**3 + 6*n**2 - 3*n + 6. Let x be f(-6). Suppose 8 = -c - 3*d, 5*c + 4*d = -5 - x. Let h(y) = y**2 + 3*y**2 - 4 + y**3 - 2*y + y**2. What is h(c)?
6
Let k(z) = -2*z - 3. Suppose -4*r - 5*v = -32, 2*r = -0*r - 4*v + 22. Give k(r).
-9
Let c(y) = 50*y + 12. Let f(s) = 20*s + 5. Let v(n) = -5*c(n) + 12*f(n). What is v(1)?
-10
Suppose 4*u + u - 10 = 0. Let d(t) = 2*t + 0*t - 5 + 3. Determine d(u).
2
Suppose -3 = k + 4*m, 1 = 4*m - 3. Let s(u) = -u**2 - 6*u + 10. Calculate s(k).
3
Let y = -26 - -27. Let f(o) = 2*o**2 - 2*o + 1. Determine f(y).
1
Let z = -5 + 5. Let q = 2 + 1. Let v(w) = 6 + 0*w**q + 3 - w**3 + w - 2*w. Determine v(z).
9
Let b(w) = w. Let u be (-2)/(-1) + 0/2. Let r be u + (3 - (10 - 3)). Determine b(r).
-2
Let c be ((-2)/(-5))/((-2)/(-10)). Let x be c + (-2)/(-2)*4. Suppose -g = g - x. Let y(p) = -p**3 + 4*p**2 - p - 1. Determine y(g).
5
Let m(j) = -3*j**3 + 5*j**2 - 12*j - 13. Let v(i) = i**3 - 3*i**2 + 6*i + 6. Let b(c) = -2*m(c) - 5*v(c). Calculate b(-6).
-4
Let j(i) = i**3 - 4*i**2 - 5*i + 3. Let h(u) = -u**2 - 9*u + 11. Let d be h(-10). Let y = d - -4. Calculate j(y).
3
Let j(h) = -3*h**2 + 1. Suppose -8 = -3*i - 2. Suppose 0 = k - 4. Suppose k = -i*b - 2*b. What is j(b)?
-2
Let f(p) be the third derivative of 0*p + 1/8*p**4 - 3*p**2 + 2/3*p**3 + 0 - 1/60*p**5. Give f(5).
-6
Let q(h) = 5*h**2 + 5*h + 2 + 2 - h**3 - 2. Let v be q(6). Let z(f) be the first derivative of -f**2 - 5*f - 2. Give z(v).
3
Let o be (6/9)/(-1)*-6. Suppose -i = -2*i + 2*f + 7, o*f + 9 = -3*i. Let l(g) = -g + i + g - g. Determine l(-4).
5
Let g(a) be the third derivative of -a**4/12 - 27*a**2. Determine g(5).
-10
Suppose 2*i + 4*n + 16 = -24, 0 = 5*i + 5*n + 85. Let j be ((-12)/14)/(i/(-98)). Let o(l) = -l**3 - 5*l**2 + 6*l - 2. Determine o(j).
-2
Let v(s) = 13*s - 1. Let r(u) = 6*u. Let m(g) = 5*r(g) - 2*v(g). Determine m(-2).
-6
Suppose 0*y - 6 = -y. Let k(l) = -l + 7*l**2 - 6*l**2 + 0*l**3 + y*l**3. Let b(f) = f**2 + 6*f + 6. Let d be b(-5). What is k(d)?
6
Suppose -y - 4 = -3*m, 2*m - 10 + 30 = -5*y. Let i(g) = -4*g + 2*g + g**3 + g**2 + m*g**3. Let t(s) = -s**2 + s + 4. Let o be t(3). Give i(o).
0
Suppose 5*z - 8 - 1 = -2*x, -3*x - 9 = 0. Let t(n) = n - 1. Let w(j) = 1. Let m(a) = -2*t(a) - 4*w(a). Determine m(z).
-8
Let b(c) = -3*c - 1. Suppose 3*v - 9 = s, 2*s - 7 = -3*v + 11. Suppose -8*q + 8 = -v*q. Suppose 3*p + q*p + 20 = 0. What is b(p)?
11
Let a(c) be the third derivative of -c**5/60 + c**4/24 - c**3/6 - 3*c**2. Let p(d) = -d - 2. Let w be p(-3). Give a(w).
-1
Let m be 3*((-8)/(-3) + 2). Let w be (2 - 9)*(-4)/m. Let t(z) = z**2 - 3*z + 3. Determine t(w).
1
Let o(t) be the first derivative of -t**5/60 - t**4/12 + t**3/6 + 3*t**2/2 + 7. Let a(y) be the second derivative of o(y). Determine a(-2).
1
Suppose 4 = 2*i - 4*n, 0*i + 5*n + 2 = 3*i. Let s be (-68)/(-11) + i/33. Let b(z) = -s*z + z + 2*z + 1 - z**2. Give b(-3).
1
Let w(d) = -1 + 2*d**3 - 3*d - 3*d**3 + d. Let k = 17 + -10. Let s be (-5)/k + 6/(-21). Calculate w(s).
2
Suppose -5*p + 6 + 9 = 0. Let t(m) = 4 - 14 + 15 - m. Give t(p).
2
Let n be 0 + (-1 - -3 - -6). Suppose 0 = -4*b + u - 6*u + 16, 3*b - 12 = -4*u. Let o(d) = d**3 + 0*d - 12 - d + n - b*d**2. What is o(4)?
-8
Let n(g) = 1. Let l(q) = 3*q - 4. Let t(k) = 7*k - 8. Let o(p) = -5*l(p) + 2*t(p). Let f(y) = -n(y) - o(y). What is f(-4)?
-9
Let t(z) = 0 + 18*z**2 - 3 - 26*z**2 + 10*z**2 + 2*z. Let p be (-2)/(-7) + (-23)/7. Give t(p).
9
Let c(r) = -r**3 + 3*r**2 + 4*r. Suppose 5*x = 7 + 13. Give c(x).
0
Let v(y) = -4*y + 6. Suppose -20 = -5*z + 5*x, -x + 5*x = 0. Calculate v(z).
-10
Let j(k) = -k**2 + k + 4. Let c(r) = 2*r**2 - 3*r - 9. Let l(b) = -2*c(b) - 5*j(b). What is l(-2)?
0
Let c be (0/1)/(-1 + 0). Let v(h) = -h + c*h - 2*h**2 + 3*h**2 - 2*h**3 + 1. Let n(x) = -x + 6. Let m be n(5). Give v(m).
-1
Let r(n) = n**2 + 6*n - 8. Let k(p) = -7*p**2 + 1. Let g be k(1). Determine r(g).
-8
Let h(f) = f**3 + 1. Let g(t) = -t + 4. Let j be g(8). Let y be j/20 - 52/(-10). Suppose y = 5*c - 0*c. Calculate h(c).
2
Let v = -18 - -9. Let g(s) = -2*s**3 + 11*s**2 + 5*s. Let n(b) be the first derivative of b**4/4 - 5*b**3/3 - b**2 - 3. Let y(f) = v*n(f) - 4*g(f). Give y(2).
-8
Let c(z) be the second derivative of -1/12*z**4 - z + 0 + 1/6*z**3 - 7/2*z**2. What is c(0)?
-7
Let h(b) be the second deriv